me factors of 413.
7, 59
List the prime factors of 1201.
1201
What are the prime factors of 69077?
67, 1031
What are the prime factors of 13081?
103, 127
List the prime factors of 1508.
2, 13, 29
List the prime factors of 8831.
8831
What are the prime factors of 11231?
11, 1021
What are the prime factors of 86722?
2, 131, 331
List the prime factors of 4903.
4903
What are the prime factors of 8022?
2, 3, 7, 191
What are the prime factors of 6963?
3, 11, 211
What are the prime factors of 702?
2, 3, 13
List the prime factors of 389.
389
List the prime factors of 73827.
3, 13, 631
What are the prime factors of 109701?
3, 17, 239
What are the prime factors of 11097?
3, 137
List the prime factors of 11771.
79, 149
List the prime factors of 2185.
5, 19, 23
List the prime factors of 3902.
2, 1951
List the prime factors of 2273.
2273
List the prime factors of 123851.
7, 13, 1361
List the prime factors of 570.
2, 3, 5, 19
What are the prime factors of 17585?
5, 3517
List the prime factors of 47381.
47381
List the prime factors of 35634.
2, 3, 5939
List the prime factors of 29078.
2, 7, 31, 67
List the prime factors of 113629.
199, 571
What are the prime factors of 29984?
2, 937
What are the prime factors of 1903?
11, 173
List the prime factors of 2657.
2657
What are the prime factors of 14777?
7, 2111
What are the prime factors of 3348?
2, 3, 31
List the prime factors of 26919.
3, 997
List the prime factors of 51030.
2, 3, 5, 7
List the prime factors of 834.
2, 3, 139
What are the prime factors of 3397?
43, 79
List the prime factors of 61105.
5, 11, 101
List the prime factors of 6773.
13, 521
List the prime factors of 785.
5, 157
List the prime factors of 28102.
2, 14051
List the prime factors of 1805.
5, 19
What are the prime factors of 1280?
2, 5
List the prime factors of 108340.
2, 5, 5417
What are the prime factors of 370?
2, 5, 37
List the prime factors of 58043.
58043
List the prime factors of 40019.
7, 5717
List the prime factors of 1865.
5, 373
What are the prime factors of 10111?
10111
List the prime factors of 56038.
2, 28019
List the prime factors of 566.
2, 283
What are the prime factors of 562?
2, 281
List the prime factors of 177943.
177943
List the prime factors of 43123.
29, 1487
What are the prime factors of 1243?
11, 113
What are the prime factors of 15063?
3, 5021
What are the prime factors of 19602?
2, 3, 11
What are the prime factors of 21834?
2, 3, 1213
What are the prime factors of 13729?
13729
List the prime factors of 15377.
15377
List the prime factors of 23435.
5, 43, 109
What are the prime factors of 11805?
3, 5, 787
List the prime factors of 122892.
2, 3, 7, 11, 19
What are the prime factors of 2176?
2, 17
What are the prime factors of 4562?
2, 2281
What are the prime factors of 1770?
2, 3, 5, 59
What are the prime factors of 62938?
2, 31469
What are the prime factors of 31365?
3, 5, 17, 41
What are the prime factors of 10832?
2, 677
What are the prime factors of 35675?
5, 1427
What are the prime factors of 286?
2, 11, 13
What are the prime factors of 2279?
43, 53
What are the prime factors of 41619?
3, 13873
List the prime factors of 3154.
2, 19, 83
List the prime factors of 12447.
3, 461
List the prime factors of 139.
139
What are the prime factors of 301?
7, 43
What are the prime factors of 1123?
1123
What are the prime factors of 5232?
2, 3, 109
List the prime factors of 912.
2, 3, 19
What are the prime factors of 78454?
2, 39227
What are the prime factors of 3410?
2, 5, 11, 31
List the prime factors of 23349.
3, 43, 181
List the prime factors of 172.
2, 43
List the prime factors of 549.
3, 61
List the prime factors of 2627.
37, 71
What are the prime factors of 550?
2, 5, 11
What are the prime factors of 89?
89
List the prime factors of 49680.
2, 3, 5, 23
What are the prime factors of 34134?
2, 3, 5689
List the prime factors of 80651.
80651
List the prime factors of 3979.
23, 173
List the prime factors of 8727.
3, 2909
What are the prime factors of 2215?
5, 443
List the prime factors of 2712.
2, 3, 113
List the prime factors of 4538.
2, 2269
What are the prime factors of 83085?
3, 5, 29, 191
List the prime factors of 283.
283
What are the prime factors of 1965?
3, 5, 131
What are the prime factors of 7805?
5, 7, 223
What are the prime factors of 18335?
5, 19, 193
List the prime factors of 3363.
3, 19, 59
List the prime factors of 23652.
2, 3, 73
List the prime factors of 80596.
2, 20149
What are the prime factors of 612?
2, 3, 17
List the prime factors of 1385.
5, 277
What are the prime factors of 686?
2, 7
What are the prime factors of 53548?
2, 11, 1217
What are the prime factors of 8993?
17, 23
What are the prime factors of 47278?
2, 7, 11, 307
What are the prime factors of 10759?
7, 29, 53
List the prime factors of 9062.
2, 23, 197
What are the prime factors of 294?
2, 3, 7
What are the prime factors of 42880?
2, 5, 67
What are the prime factors of 35032?
2, 29, 151
What are the prime factors of 19840?
2, 5, 31
List the prime factors of 25076.
2, 6269
List the prime factors of 3802.
2, 1901
List the prime factors of 94.
2, 47
What are the prime factors of 3627?
3, 13, 31
What are the prime factors of 11391?
3, 3797
What are the prime factors of 2713?
2713
What are the prime factors of 17437?
7, 47, 53
List the prime factors of 33632.
2, 1051
What are the prime factors of 6952?
2, 11, 79
What are the prime factors of 11169?
3, 17, 73
List the prime factors of 1993.
1993
What are the prime factors of 88500?
2, 3, 5, 59
What are the prime factors of 452?
2, 113
What are the prime factors of 127?
127
List the prime factors of 3186.
2, 3, 59
List the prime factors of 74695.
5, 14939
List the prime factors of 3894.
2, 3, 11, 59
List the prime factors of 34501.
34501
List the prime factors of 53722.
2, 26861
What are the prime factors of 2332?
2, 11, 53
List the prime factors of 741.
3, 13, 19
List the prime factors of 43671.
3, 14557
List the prime factors of 1026.
2, 3, 19
List the prime factors of 2300.
2, 5, 23
What are the prime factors of 6055?
5, 7, 173
List the prime factors of 2625.
3, 5, 7
What are the prime factors of 1110?
2, 3, 5, 37
What are the prime factors of 174?
2, 3, 29
List the prime factors of 1043.
7, 149
What are the prime factors of 2506?
2, 7, 179
List the prime factors of 1011.
3, 337
What are the prime factors of 5036?
2, 1259
List the prime factors of 32504.
2, 17, 239
List the prime factors of 1140.
2, 3, 5, 19
What are the prime factors of 966?
2, 3, 7, 23
List the prime factors of 11692.
2, 37, 79
What are the prime factors of 13604?
2, 19, 179
What are the prime factors of 277?
277
List the prime factors of 6596.
2, 17, 97
What are the prime factors of 2402?
2, 1201
List the prime factors of 14543.
14543
What are the prime factors of 3503?
31, 113
List the prime factors of 786.
2, 3, 131
What are the prime factors of 86469?
3, 19, 37, 41
What are the prime factors of 182644?
2, 7, 11, 593
What are the prime factors of 342?
2, 3, 19
What are the prime factors of 1680?
2, 3, 5, 7
What are the prime factors of 2801?
2801
List the prime factors of 12774.
2, 3, 2129
List the prime factors of 16563.
3, 5521
What are the prime factors of 3242?
2, 1621
What are the prime factors of 1011?
3, 337
What are the prime factors of 21553?
7, 3079
What are the prime factors of 750?
2, 3, 5
List the prime factors of 110418.
2, 3, 7, 11, 239
List the prime factors of 20445.
3, 5, 29, 47
What are the prime factors of 21246?
2, 3, 3541
List the prime factors of 1169.
7, 167
List the prime factors of 1581.
3, 17, 31
List the prime factors of 5414.
2, 2707
List the prime factors of 2549.
2549
List the prime factors of 3182.
2, 37, 43
What are the prime factors of 502?
2, 251
What are the prime factors of 38136?
2, 3, 7, 227
What are the prime factors of 33351?
3, 11117
What are the prime factors of 64?
2
List the prime factors of 1061.
1061
List the prime factors of 5081.
5081
List the prime factors of 40596.
2, 3, 17, 199
List the prime factors of 4623.
3, 23, 67
What are the prime factors of 337?
337
List the prime factors of 20938.
2, 19, 29
What are the prime factors of 9067?
9067
List the prime factors of 2709.
3, 7, 43
List the prime factors of 20858.
2, 10429
List the prime factors of 1823.
1823
What a